est common factor of n and 20.
10
Let c(v) = -v**2 + 5*v + 4. Suppose o - 3*o - 2*m = -16, 8 = 2*m. Let z be c(o). What is the highest common factor of 32 and z?
8
Let b = 31 - 7. Let q = -3 + 2. Let z be q/2 - 66/(-4). What is the greatest common divisor of b and z?
8
Suppose -10 = -4*a + 2. Suppose -a*s = -2 - 13. Let k = 9 - s. What is the highest common factor of 28 and k?
4
Let q be (-6)/(-8) + (-450)/(-40). Let a = -3 - -5. Suppose -9 = -k - a*k. Calculate the highest common divisor of q and k.
3
Suppose 30 = -2*j - 3*j. Let d be ((-3)/(j/(-4)))/2. Let p be d - -32 - (0 - -1). Calculate the highest common divisor of p and 15.
15
Suppose -29 = 3*v + 10. Let a = v + 22. Let w be 27/(-3 + 7 - 3). What is the greatest common factor of w and a?
9
Suppose 2*r - 758 = -5*y, 0 = 5*y + r - 3*r - 762. What is the greatest common divisor of 19 and y?
19
Suppose 2*j + 5*f = 27, 0*j + 4*f = 4*j - 40. What is the highest common factor of j and 55?
11
Let m be 158/3 - 5/(-15). Let n = m - 18. Calculate the highest common factor of 14 and n.
7
Let m(v) = 28*v + 8. Suppose 0 = -2*k - u + 12, 2*u = -2 + 10. Let d be m(k). What is the greatest common divisor of d and 24?
24
Let m(r) = 5*r**2 - 2. Let i be m(2). Let z be -27*-1*(3 + -2). Calculate the highest common factor of z and i.
9
Suppose 4*o = 5*o - 7. Let h(s) = -4*s - 2. Let d be h(-4). What is the highest common divisor of d and o?
7
Let s = 30 + -4. Let z = s - 19. Calculate the highest common factor of 56 and z.
7
Suppose 4*n = 30 + 174. Calculate the greatest common divisor of 68 and n.
17
Let b(v) be the first derivative of -3*v**4/4 - 2*v**3 - v**2 + v - 1. Let d be b(-4). Calculate the greatest common factor of d and 21.
21
Suppose -h - 44 = -2*h. Let u = h - 4. Calculate the greatest common factor of 5 and u.
5
Let u be 1 + 0 - 78/(-2). Let y be 10/u + 430/8. What is the greatest common factor of 135 and y?
27
Let p be 1 + 0 - -1*3. Suppose 0 = 6*m - p*m - 198. Calculate the highest common factor of m and 9.
9
Suppose -3*z + 39 = -60. What is the greatest common factor of z and 231?
33
Suppose 0 = -2*i - 2*i + 200. Suppose -4*n + 7*n - 15 = 0. Suppose -2*c - 3*c = -k - n, -5*c = -25. Calculate the highest common factor of i and k.
10
Let l = -39 + 69. Let h be (-2)/8 + 1081/4. What is the highest common factor of h and l?
30
Suppose 6*n + 13*n = 7182. What is the greatest common divisor of n and 54?
54
Let l(n) = n**2 + n + 6. Let i be l(-3). What is the highest common factor of i and 132?
12
Let g be ((-3)/2 + 3)/((-9)/(-120)). Calculate the greatest common divisor of g and 50.
10
Suppose 4*c + 25 = 53. Calculate the highest common divisor of c and 21.
7
Suppose -2*z - 2*a = 2*a - 12, -a = 3*z - 28. Let t be (1 - 21)*(1 - 3). Calculate the highest common factor of z and t.
10
Let j be (24 + 4)/(-3*(-2)/6). What is the greatest common factor of j and 14?
14
Let o be 18 - 12/4 - 0. Calculate the highest common divisor of o and 105.
15
Let n(l) = -2*l**3 + 2*l + 7. Let f be n(-3). Calculate the highest common divisor of f and 11.
11
Let s(l) = -3*l - 5. Let r be s(-13). Suppose -20 = -2*k + r. What is the highest common factor of 18 and k?
9
Suppose -144 = 3*d - 705. Calculate the greatest common factor of 17 and d.
17
Let j be (-2)/(2/(-6) - -1). Suppose 3*s = 3, 4*b - 3*s + 97 = 34. Let n = j - b. What is the highest common divisor of 132 and n?
12
Let a(d) = d**2 - 11*d. Let o be a(12). Let b be (0 + o)*70/7. Calculate the highest common divisor of 15 and b.
15
Suppose 0*y = -5*y + 2*h + 574, 4*h = -2*y + 244. Let p = y - 66. Calculate the highest common factor of 75 and p.
25
Let v(o) = 141*o**2 - o. Let b be v(1). Let u = 20 - -5. Suppose -3*r + u = 2*r, 5*n = 4*r + 80. What is the greatest common divisor of n and b?
20
Suppose -39*o = -41*o + 56. Calculate the greatest common factor of 84 and o.
28
Suppose -3*p + 2*q = -25, -5*p + 0*q + 46 = q. Calculate the highest common factor of p and 9.
9
Suppose 3*p = 3*t - 21, t - 4*p - 20 = -t. What is the highest common factor of 4 and t?
4
Let b be (-2 - -1)/(6/(-132)). Calculate the greatest common divisor of b and 44.
22
Suppose 0 = 2*q - 6*q. Suppose q = -2*l + 6 + 6. Let s = 12 - l. Calculate the highest common divisor of 66 and s.
6
Suppose 0 = 3*f + p + 3 + 8, f = -2*p - 7. Let k = 5 + f. Calculate the highest common factor of 2 and k.
2
Let p(g) = -g**3 - 6*g**2 + 7*g + 2. Let q be p(-7). Let y be 1 + q + 6/6. Calculate the highest common factor of y and 6.
2
Let g be (16/(-15)*3)/((-8)/60). Let l(x) = -x**3 - x**2 - 2*x + 4. Let m be l(-4). What is the highest common divisor of m and g?
12
Suppose 2*k - 2 - 12 = 0. Suppose n + 11 = 3*v, -2*v + 3*v + 7 = -5*n. Let z = 33 - n. What is the greatest common divisor of k and z?
7
Let a(f) = f**3 + 5*f**2 - 6*f + 3. Suppose 5*p + 6 + 24 = 0. Let g be a(p). Let k = 1 + 2. What is the highest common factor of g and k?
3
Let u = 0 - -9. Let y = -11 + 13. Let t be 3/((-4)/(y - 26)). Calculate the greatest common divisor of t and u.
9
Let o(p) = -1. Let r(h) = -h - 20. Let y(s) = -4*o(s) - r(s). Let t be y(0). What is the greatest common divisor of t and 36?
12
Suppose -3*p + 5*p = 0. Let v(z) = 8*z**2 - 5*z + p*z + 2*z - z**3 - 2 - 5*z. Let h be v(6). What is the highest common factor of 44 and h?
22
Let m(i) = -2*i - 1. Let o be m(-3). Let t be 2/(-5) + 82/o. Let j = -42 - -82. What is the highest common divisor of j and t?
8
Let f(a) = -a**2 + 5*a. Let x be f(4). Let z be 162/8 + (-1)/x. Let s = -54 + 84. Calculate the highest common divisor of z and s.
10
Suppose -4*p + 280 = p. Suppose 7*y - p = 3*y. Calculate the greatest common divisor of 28 and y.
14
Let h be 6/(-10) + (-894)/10. Let q be h/(-21)*(21 + 0). Calculate the highest common divisor of 10 and q.
10
Suppose -2*r = -b - 15, 0 = -2*r + 3*b - 0*b + 5. Calculate the greatest common divisor of r and 5.
5
Let d(x) = -58*x**3 + x**2 - x - 1. Let o be d(-1). Let f = -27 + o. What is the highest common factor of f and 16?
16
Let y be 18 + 0/((-2)/(-1)). Let p(d) = 30*d - 42. Let z be p(8). Calculate the highest common divisor of z and y.
18
Let k = -3 - -3. Suppose d + 13 - 48 = k. Suppose -2*c + 6 = 2*h, h - 2*h + d = 5*c. What is the highest common divisor of 40 and c?
8
Suppose -3*c = -5*u + 22, 0 = 4*c - 2 - 2. Suppose 60 = -u*p + 180. Suppose 0*a + p = a. Calculate the greatest common divisor of a and 36.
12
Let g = -9 - -31. Calculate the greatest common factor of g and 11.
11
Let o(x) = -12*x + 1. Let s be o(-1). Calculate the greatest common factor of 169 and s.
13
Let l be (-3)/(-2*9/138). Calculate the highest common divisor of l and 207.
23
Let i be (-3)/(1*(-3)/63). What is the highest common divisor of 9 and i?
9
Let n = -69 + 101. Let a = -23 + n. Calculate the highest common divisor of 63 and a.
9
Let b be 0 + -187 - (2 + -2). Let p be (364/(-16))/(2/8). Let q = p - b. Calculate the highest common factor of 12 and q.
12
Suppose m - 5 = -0*m. Let h be (12/(-15))/(m/(-150)). Let v(i) = -3*i - 6. Let p be v(-4). What is the highest common factor of h and p?
6
Let v be (10/6)/((-2)/(-120)). Calculate the highest common divisor of 20 and v.
20
Let f(b) = b**3 - 3*b**2 - 2*b - 5. Let p be f(6). Let o = -1 + 6. Suppose o*h = -2*n + 11, 0*h + h = -3. Calculate the greatest common divisor of n and p.
13
Let a(w) = 3*w**3 + w + 2. Let r(f) = -f. Let m be r(-2). Suppose -3*j + m + 4 = 0. Let x be a(j). What is the greatest common factor of 7 and x?
7
Suppose -3*h - 364 = -7*h. What is the highest common divisor of h and 7?
7
Let a(z) = -4*z + 4. Let b be a(-3). Let s = -8 + b. Let o = -2 - -34. Calculate the greatest common factor of s and o.
8
Let x(l) = -l**3 + 5*l**2 + 7*l + 2. Let d be x(6). Let h(k) = -7*k + 7. Let c be h(6). Let r = 75 + c. Calculate the highest common divisor of r and d.
8
Let g = 28 + -11. Let d be 198/12 + 3/6. Calculate the greatest common divisor of d and g.
17
Suppose -5*j = 3*v - 99, -4*j - 18 = 2*v - 86. Calculate the highest common divisor of v and 4.
4
Let s be (1 + -2)/((-1)/(-3)). Let l be 180 - (0/s)/(-1). Suppose 180 = 4*w - 2*b, 2*w = -2*w - 3*b + l. Calculate the greatest common divisor of 30 and w.
15
Let v = 16 + 6. What is the greatest common factor of v and 2?
2
Suppose 66 = 5*n - 24. Wha